10. What are the prime factors of v?
2, 3
List the prime factors of -3 - -4 - 18/(-1).
19
Let n(f) = 2*f**2 - f - 3. Let c be n(-3). Let t = 0 + c. List the prime factors of t.
2, 3
Let d(y) = -y**3 + y**2 + 1. Let u be d(-2). Suppose -2*w + 5 = u, 0 = -4*c + 3*w + 72. Suppose f + 4*m = -0*f + c, 2*m - 6 = 0. List the prime factors of f.
3
Suppose -6*t + 61 = -47. What are the prime factors of t?
2, 3
Suppose -3*p = -20*p + 986. List the prime factors of p.
2, 29
Suppose n = 2*r - 2, 3*n + 2 = 5*r - 2. Suppose -3*q + 2 = 5*t, n*t + t = -3*q + 6. What are the prime factors of t/4 - 51/(-6)?
2
List the prime factors of (-60)/(-9) - (-10)/(-15).
2, 3
Let t be -2 + 2 + (-2 - -1). List the prime factors of 1/((4 + t)/51).
17
Suppose 3*s = -4*w - 166, 4*w - 7*s + 2*s = -150. Let y = w + 56. List the prime factors of y.
2
Suppose -26 = 3*s - 131. List the prime factors of s.
5, 7
Suppose 5*k + 0*k + 20 = 0, -2*k = 4*v. List the prime factors of v*-2*(-1)/2.
2
List the prime factors of 56/6 + (-17)/51.
3
Suppose 0 = x + 2, 3*z - x - 22 = -2*z. Suppose -3*g = -0*g - 9. Suppose w + g*a + 30 = z*w, 0 = w - 5*a - 14. List the prime factors of w.
3
Suppose 2*o = -2*o + 140. Suppose 0 = 4*b - 29 - o. Let m = 23 - b. What are the prime factors of m?
7
Let c = 14 + -10. Suppose -5*n + 6*n = y, -20 = -c*y - n. What are the prime factors of y?
2
Let r(q) = 4*q**3 - q**2 + 2*q - 1. Suppose -2*y - 2*y + 8 = 0. What are the prime factors of r(y)?
31
Suppose 21 = 4*s - 3. What are the prime factors of s?
2, 3
Suppose -1 = i + c - 6*c, -3*c = 2*i - 24. What are the prime factors of i?
3
List the prime factors of -4 - (1 - 29 - 4).
2, 7
Let i(a) = 339*a**3 - 2*a**2 + 2*a - 1. List the prime factors of i(1).
2, 13
Suppose -6*g + 3*g + 3 = 0. Let p(n) = 9*n - 1. Let i be p(g). Suppose -h + 0*h = -i. What are the prime factors of h?
2
Let i(j) = j**3 + 7*j**2 + 8*j + 8. Let b be i(-6). Let o(d) = d + 1. Let l be o(b). Let r = l + 10. List the prime factors of r.
7
Let g(j) = j + 4. Let y be g(-2). Suppose -2*s + 17 = -y*n + 5*n, -4*n - 4 = -4*s. Suppose -4*u + 8 = -n*u. What are the prime factors of u?
2
Let l(u) be the second derivative of u**3/3 + 2*u**2 + 2*u. What are the prime factors of l(5)?
2, 7
Let q(j) = 3*j - 1. Let u be q(-1). Suppose -6*b = -2*b - 36. Let i = b + u. List the prime factors of i.
5
Let i(r) = 0*r**2 - 4*r + 3*r + r**2 - 1. What are the prime factors of i(-3)?
11
Let j = 17 - 24. Let x = -5 + 20. Let d = j + x. List the prime factors of d.
2
Suppose -3 = -s - 0. Suppose 0 = s*x + 1 - 28. What are the prime factors of x?
3
Let p(q) = -q + 12 - 5 + 9. What are the prime factors of p(0)?
2
Let j(a) = -a**3 - 3*a**2 - a - 4. Let h be ((-8)/12)/(-1)*-6. What are the prime factors of j(h)?
2
Let k(o) = -5*o - 5. Let x be (0 - -2)*(-1 - 1). List the prime factors of k(x).
3, 5
List the prime factors of 83*((-20)/2)/(-5).
2, 83
Suppose -5*i - 11 - 9 = 0. Let b = 1 - i. What are the prime factors of b?
5
Let k = -51 + 26. Let b = k + 46. List the prime factors of b.
3, 7
Let n = 29 + -3. What are the prime factors of n?
2, 13
Let i = -28 - -63. Suppose 0*r = 4*g + r + 103, -5*g - 116 = -3*r. Let k = g + i. List the prime factors of k.
2, 5
Suppose 0 = -4*p - 0*p + 64. Suppose p = 5*l - 4. What are the prime factors of l?
2
Let x be 2/4*16/2. Suppose 8*b = x*b + 16. What are the prime factors of b?
2
Let q = 23 + -13. List the prime factors of 3*(-5)/(q/(-6)).
3
Let a = -32 - -50. Suppose -h - h + 5*w + 27 = 0, 4*w = -2*h - a. What are the prime factors of 0/h - (-3 - 3)?
2, 3
Let t = 21 + -1. Suppose 0 = 2*y - 0*y + t. What are the prime factors of y/(0 + -1 + -1)?
5
Let a(f) = -4*f**3 - f**2 - 2*f. Let v(n) = -9*n**3 - 2*n**2 - 4*n. Let m(r) = 7*a(r) - 3*v(r). Let z be m(2). List the prime factors of z/(-3)*12/8.
2
Let x(m) = m**2 - 16. Let a be x(0). Let o = 0 - a. Suppose 5*s - o = 3*s. What are the prime factors of s?
2
Let p(w) = 2*w**3 + 2*w**2 - w + 1. List the prime factors of p(2).
23
Suppose x = -3*x + 52. Suppose -2*a = -4*z - x - 7, -3*a - 3*z - 15 = 0. Let m = a + 5. List the prime factors of m.
5
Suppose 3*r + 24 = 3*z, 1 = -z + 4*r - 3. What are the prime factors of z?
2, 3
Suppose b = m - 23, -5*m - 2*b = -99 - 16. Suppose -4*k + m + 21 = 0. List the prime factors of k.
11
Let i = 166 + -88. List the prime factors of i.
2, 3, 13
Let x = -31 + 21. List the prime factors of 6/x*(-45)/9.
3
Let d(c) = -6*c - 1 + 0*c + 6 + 3*c**2. Let o(q) = -4*q**2 + 7*q - 6. Let m(p) = -5*d(p) - 4*o(p). List the prime factors of m(-5).
2, 7
Let y be 12/(1/(-4) + 1). Suppose 12 = -0*p - p - 3*r, p - 4*r - y = 0. Let v = p + 3. What are the prime factors of v?
3
Suppose 0 = -2*f - 2*a - 5 - 83, 0 = 3*f + 2*a + 130. Let g = f + 30. Let t = -4 - g. What are the prime factors of t?
2
Suppose -2*l + 14*l = 3204. What are the prime factors of l?
3, 89
List the prime factors of ((-418)/8)/(2 - 27/12).
11, 19
Let o = -88 - -138. Suppose 0*s + 4*s + 12 = 0, 5*l - 12 = -s. Suppose o - 8 = l*b. List the prime factors of b.
2, 7
Let k be 5 - (-2 - 0) - 3. Suppose 0*j - 12 = k*j. What are the prime factors of j/6 - 66/(-4)?
2
Suppose -15*m = -16*m + 13. What are the prime factors of m?
13
Let y = -26 - -140. List the prime factors of y.
2, 3, 19
Let s(v) = 4*v**2 - 3*v. Let n(x) = 2*x**2. Let b be n(1). Let m be s(b). Suppose 0 = -4*z - m + 62. What are the prime factors of z?
13
Let w(s) = 6*s**3 - 4*s**2 - 2*s + 5. What are the prime factors of w(3)?
5
Let w(v) = v**3 + 4*v**2 + v - 3. Let k = 2 - 1. Let p be (2/(-4))/(k/6). List the prime factors of w(p).
3
What are the prime factors of (-2)/(-3 + 75/27)?
3
Let f be (-1614)/(-30) - (-2)/10. Suppose -5*i + f = -5*s + 2*s, -24 = -4*i - 4*s. Let b = i + -6. List the prime factors of b.
3
Suppose 3*v + 2*v = 5. Let p be 2*(-4 + 2)*-1. List the prime factors of v/(2/p - 0).
2
Let x(h) = h**2 - 11*h - 4. Let a be x(10). List the prime factors of 1 + 7/(a/(-116)).
59
What are the prime factors of -1*(3 - 0) - -19?
2
Let u = 39 - -392. What are the prime factors of u?
431
Suppose 5*o + 30 = 5*s, 5*o - s + 4*s - 10 = 0. What are the prime factors of o*(63 + -1)/(-2)?
31
Let i(y) = -y**3 - y**2 - y + 36. Let h = -3 + 3. Let o be i(h). List the prime factors of 426/o - 1/(-6).
2, 3
Let z = 3 - 0. Suppose 3*x - 32 = 5*a, -2*x - z*x + 74 = 2*a. List the prime factors of x.
2, 7
What are the prime factors of 1*(-3)/12 - 7365/(-20)?
2, 23
Suppose -3*u = 2*d - 23, 4*d - 3*d - 4*u - 28 = 0. Let w be (0*1/(-2))/1. Suppose w = x + x - d. List the prime factors of x.
2
Let u(z) = z**2 - 8. Let g be 6*(-2)/2 - 0. What are the prime factors of u(g)?
2, 7
List the prime factors of 4/(-2) + 41/1.
3, 13
Let a(f) = 3*f + 3. Let q be a(4). Suppose -15 = 2*s - 3*u, 5*s - 4*u = -u - q. Suppose 3*j - 39 + 15 = s. What are the prime factors of j?
2
Let t = 15 - 12. What are the prime factors of (8/t)/((-3)/(-45))?
2, 5
Suppose 22 = -3*u - o, 5*u + 3*o - o = -38. List the prime factors of u/8*(4 - 64).
3, 5
Suppose -5*z = 10, 2*z + 115 = -5*i - 144. Let y be (-1)/(i/(-26) + -2). Suppose -4*o + y = 2*t, 43 = 5*t + 2*o - 14. What are the prime factors of t?
11
Suppose 3*v + 3 - 2 = s, 3*s = -v + 53. Suppose 7*f - s = 3*f. Suppose -17 = -f*j + 27. List the prime factors of j.
11
Let d be 2/((-8)/10)*10. Let s be (-70)/d + 2/10. Suppose 2*u = s*u - 4. What are the prime factors of u?
2
Let b(n) = -4*n - n**3 + 0*n**3 + 2 + 0 - 5*n**2. Let s be b(-4). Suppose -33 - 4 = -s*y + 3*g, -12 = -2*y - 2*g. List the prime factors of y.
11
Let n = 10 + 12. List the prime factors of n.
2, 11
Let t(x) = x**3 - 8*x**2 + 8*x - 5. Let b be t(7). Let s(j) = -j + 4. Let k be s(4). Suppose -b*y = -k*y - 14. List the prime factors of y.
7
Let r(l) = 2*l**2 + 5*l. Let t(d) = 3*d**2 + 9*d + 1. Let z(m) = 5*r(m) - 3*t(m). List the prime factors of z(-5).
2
Let q be (4/8)/(2/32). Let t(p) = -3*p**2 + 4*p - 2. Let r be t(2). Let n = q + r. What are the prime factors of n?
2
Let k(q) = -q**2 + 10*q - 17. Let p be k(7). Suppose -45 = 3*u - p*u. What are the prime factors of u?
3, 5
Let g = 13 + -7. List the prime factors of g.
2, 3
What are the prime factors of (-138)/(-21) + 3/7?
7
List the prime factors of (-3000)/(-28) + 2 - (-2)/(-14).
109
Suppose 10*v - 555 = 5*v. What